+ 4*o - 4704. What is the units digit of f?
3
Suppose 340 = 3*x + 4*s - 830, -1173 = -3*x - 5*s. What is the hundreds digit of x?
3
Suppose 2*r + 2 = 0, 4*h - 915 = 5*r + 10462. What is the hundreds digit of h?
8
Suppose -l + 2356 = 4*w, 0 = -5*w - 4*l - 1268 + 4202. What is the tens digit of w?
9
Let g(d) = -3*d**3 + 45*d**2 - 37*d + 24. What is the units digit of g(14)?
4
Let w be (-10)/4*(7 + -9). Let i(b) = b**2 - 5*b + 1. Let c be i(w). What is the units digit of c + (-6 + 2)*-7?
9
Suppose 0*s + 3*w - 27 = -4*s, 5*s - 35 = -4*w. Let k be 12*(s - (-44)/(-12)). Let o = k + 26. What is the tens digit of o?
1
Suppose 2098 = 3*u - 46*g + 42*g, -4*u + 2809 = -3*g. What is the hundreds digit of u?
7
Let z(y) be the first derivative of y**3/3 + 9*y**2/2 - 4*y + 14. What is the tens digit of z(6)?
8
Suppose 0 = -2*k + 3*k - 2. Suppose -2*r + 68 = 3*d, k*d + 4*r + r - 38 = 0. What is the tens digit of d?
2
Suppose 13*w + 2*j = 16*w - 1306, w - 426 = 3*j. What is the tens digit of w?
3
Suppose -3*v + 103 = -4*w, 3*v - 5*w - 16 = 91. Let z be 5/((-25)/10) - (-1 - 8). Let s = v - z. What is the units digit of s?
2
Let b(z) = -3*z**3 - 8*z**2 - 24*z - 73. What is the hundreds digit of b(-10)?
3
Let f(d) = -121*d + 1. What is the tens digit of f(-3)?
6
Suppose -d = 3*r - 34, 32 = r + 2*r - d. Let y(v) = -v**2 + 18*v - 27. What is the tens digit of y(r)?
5
Let y(l) be the third derivative of l**5/5 - l**3/2 - 4*l**2. What is the tens digit of y(-2)?
4
Let x(d) = 2*d - 20. Let l be x(9). What is the units digit of (3 + l)*(4 - -61)?
5
Let l(y) = -y**2 - 8*y - 11. Let k be l(-5). Suppose -16 = -k*u, b - 4*u = -4 - 1. What is the tens digit of b?
1
What is the thousands digit of (28/35)/(-2) + (-29824)/(-10)?
2
Let l(c) = -109*c**3 - 9*c**2 + 5*c + 9. Let u(n) = -27*n**3 - 2*n**2 + n + 2. Let z(k) = 2*l(k) - 9*u(k). What is the tens digit of z(1)?
2
Let c = 1636 + -1107. What is the units digit of c?
9
Let t(y) = y - 9. Let j be t(12). Let z(k) = 7*k**2 - k + 3. What is the units digit of z(j)?
3
Suppose n + 339 = m - 130, 2*m - 932 = -4*n. Suppose 3*z - m = -z. What is the units digit of z?
7
Let i(t) = -t**3 + 20*t**2 + 8*t + 91. What is the units digit of i(11)?
8
Let u(n) = -n**2 + 27*n - 21. What is the units digit of u(20)?
9
Suppose 3*d + p - 917 = 3443, 2*p = 3*d - 4375. What is the hundreds digit of d?
4
Suppose -3*a + 6*a + 14 = r, 18 = -2*a + 5*r. Let k be 6/9*(a + 10). What is the tens digit of k*((-147)/(-12) - 2)?
4
Let n = 11 - -1. Suppose 19 = -3*c + 61. Let s = c - n. What is the units digit of s?
2
Let b(q) = -q**3 + 8*q**2 + 4*q - 5. Let w be b(7). What is the units digit of 12/8*7/(21/w)?
6
What is the hundreds digit of (-2272500)/(-1300) + (-1)/13?
7
Let t(b) = 4*b - 30. Let n be t(9). Let i be (20/(-12))/((-1)/3). Suppose n*s - 20 = i*s. What is the units digit of s?
0
Let v be (-6)/15 - 64/(-10). Let b be ((-6)/4)/(v/16). Let r = 5 - b. What is the units digit of r?
9
Let w = -194 + 362. Suppose 3*a - w = 30. What is the units digit of a?
6
What is the tens digit of (-6 - 7197/(-21)) + (-4)/(-14)?
3
Suppose -2*m = 4*h - 34, -35 - 14 = -3*m - 5*h. Let d = m + -8. Suppose d*b - 3*b - 32 = 0. What is the units digit of b?
6
Suppose -3*q = -5*g - 16, -4*g + 3*q + q = 16. What is the tens digit of 6/(-16)*g*28?
2
Let o be (6/(-9)*3)/(6/99). What is the units digit of (638/o)/((-2)/6)?
8
Suppose 2*u = 5*v - 528 + 62, 198 = 2*v + 5*u. Suppose -2*l + v = -34. Suppose 0 = -2*s - 8, 3*b - 7*b - 2*s = -l. What is the units digit of b?
8
Suppose -4*r - 1064 = -2*i, -8*i + 1551 = -5*i + 3*r. Suppose -4*x + 54 + i = 0. What is the units digit of x?
4
Let k(m) = -m**2 - 11*m + 8. Let y be k(-9). Let d = y - 11. What is the units digit of d?
5
Suppose 10*c = -5*l + 8*c + 14325, -c - 14310 = -5*l. What is the tens digit of l?
6
What is the units digit of (-413)/49 - -9 - (-598)/7?
6
Let c(p) = -p**3 + 7*p**2 + 4*p - 12. Let g be c(6). Let n = g + 18. What is the tens digit of n?
6
Suppose -103 = -8*h + 2609. What is the units digit of h?
9
Let i = -130 + 479. Let u = i + -125. What is the hundreds digit of u?
2
Let o(l) = -2*l - 9*l + 13 - 3*l - l**2 + 13. What is the tens digit of o(-11)?
5
Suppose -3*w + 8 = -1. Suppose -4*j + 104 = i, 0 = 5*j + w*i - 55 - 68. What is the tens digit of j?
2
Suppose 5*b = -5*l + 5490, 3*l - 113*b - 3299 = -117*b. What is the thousands digit of l?
1
Suppose -22 - 14 = -9*o. What is the hundreds digit of o/30 - 4976/(-30)?
1
Let y(x) = -x**3 + 25*x**2 - 13*x + 48. What is the hundreds digit of y(18)?
0
Let u be -1 + 3 + 13 + -6. Let q(a) = a**2 + 6*a + 8. Let b be q(-4). Suppose -s - 7 + u = b. What is the units digit of s?
2
Suppose 1491 = -19*j + 30447. What is the thousands digit of j?
1
Let w = 18 - 16. What is the units digit of 3 - 0*w/8?
3
Suppose 6*x = 1 + 11. Let a(h) = -20 + 10 - x*h - 3*h**3 + 0*h**3 + 2*h**3 + 9*h**2. What is the tens digit of a(8)?
3
What is the tens digit of 2632/(-70)*30/(-4)?
8
Let h be ((-1752)/16)/((-9)/24*-2). Let r = -98 - h. What is the tens digit of r?
4
Let o = 939 + 215. What is the thousands digit of o?
1
Suppose -5*y + 7 = -3. Let q be -1 - y - (1 + 2). Let s(x) = -4*x - 6. What is the tens digit of s(q)?
1
Suppose 3*k - 4*j - 2028 = 0, 0 = -16*k + 17*k - 2*j - 678. What is the units digit of k?
2
Suppose -9 + 17 = 2*i. What is the units digit of i/(-22) - 5184/(-198)?
6
Suppose 2*n - 2529 = -m + 2301, 3 = 3*n. What is the units digit of m?
8
Let m = -1402 + 2168. Suppose a = 3*y - 0*a - m, 5*a - 522 = -2*y. What is the units digit of y?
6
Suppose 0 = -357*u + 354*u + 921. What is the hundreds digit of u?
3
Suppose -11*l + 23472 = 5*l. What is the units digit of l?
7
Let m be (-82)/(-12) - 7/(-42). What is the units digit of (-48)/28*-1*m?
2
Suppose -5*w = 4*k + 182 - 2429, -2*k = 5*w - 2241. Let h = w - 201. What is the units digit of h?
6
What is the hundreds digit of (-200)/(-80)*838/5?
4
What is the tens digit of (-219)/(-1)*12/6?
3
Let c = 52 - 50. What is the tens digit of 4*(3 + 23) + 4/c?
0
Suppose 8*p - 40 = 13*p. What is the units digit of (-320)/(-5) + p/(-2)?
8
Suppose 197*w - 4242 = 191*w. What is the tens digit of w?
0
Suppose 3*d - 8 = 2*g, -4*d + 38 = -5*g - d. Let o be (-4)/g - (-2343)/55. Suppose -o = 3*c - 181. What is the units digit of c?
6
Let w = 4416 + -2725. What is the hundreds digit of w?
6
Let p = 2 + 1. Suppose 3*v - 207 = 2*o, 4*v - 2*o = -p*o + 276. What is the tens digit of v?
6
Suppose 0 = -5*h + 2*h + 630. Let q = -92 + h. Suppose 2*v - q = -0*v. What is the tens digit of v?
5
Let t = 246 - -911. What is the units digit of t?
7
What is the units digit of (-60)/150 + (-4732)/(-5)?
6
Suppose -5 = f, 4*f - 1181 = -2*z + 401. What is the tens digit of z?
0
Suppose -4*o + 4948 = 2*x, o - 293 = -2*x + 950. What is the thousands digit of o?
1
Let k be (-10)/(-6) + 6/18. Suppose -2*n + 62 = -3*b, -17 = 5*n - 6*n - k*b. What is the tens digit of n?
2
Suppose 2*u - 2*h - 207 = 123, 3*u + 2*h - 490 = 0. Let i = u - 50. What is the units digit of i?
4
Suppose 4*w - 5*c + 0 = 17, -3*w + 19 = -5*c. What is the hundreds digit of w/(4/(-3)) + (-18330)/(-60)?
3
Suppose 15*f = 3865 - 460. What is the hundreds digit of f?
2
Let y(d) = d + 5. Let j be y(-5). Suppose -q + 15 + 9 = j. Suppose -3*i + q = -15. What is the units digit of i?
3
Let k(i) = -i**2 - 12*i - 11. Let y be k(-10). What is the units digit of (-5 - -1) + 72/y?
4
Let k be (6/(-2))/(2/(-38)). What is the units digit of k - 6*2/4?
4
Let q(a) = -a**3 - 24*a**2 + 5*a + 52. What is the hundreds digit of q(-26)?
2
Suppose -24*v + 5844 = -22*v - 4*r, -5*v + 14670 = 5*r. What is the hundreds digit of v?
9
Suppose -18 + 16 = -j. What is the units digit of (j/1)/(6/111)?
7
Suppose 0 = -4*g - 4*r + 3484, -r - 490 - 371 = -g. What is the units digit of g?
6
Suppose -5*l + 128 = u, 4*l + u - 91 = 4*u. Let i = 24 + l. What is the units digit of i?
9
Suppose -6*n + 846 = -36. What is the units digit of n?
7
Let f(x) = 9*x**3 + 4*x**2 + 6*x - 7. Let o be f(5). Suppose -4*c + 2*u = -984, 0*c - 5*c + o = 2*u. What is the tens digit of c?
4
Suppose 30 = 5*j + 20. Let p(d) = 3*d**j + 0*d**2 + 3*d + 4*d**2. What is the tens digit of p(-2)?
2
Suppose 0 = -s + 3*h + 1670, 4974 = 3*s + 5*h - 2*h. What is the hundre